) + -2 + -25 + 48.
6
Evaluate 7 + 3 + -13 + 21 + -12.
6
What is the value of 12 - (4 + (1 - (3 - 2 - 2)))?
6
-15 + -4 + (24 - -3)
8
What is (-6 - (-6 - (-14 + 2))) + -1?
-13
7 + (-4 - (-1 + (-4 - -13)))
-5
-5 + 38 - 5 - 22
6
What is (4 - -27) + -40 - (1 - 29)?
19
16 + (-7 - -2) + (17 - 21)
7
What is (-17 - (8 + -29)) + -17?
-13
Evaluate -5 + (6 - 2) + -4.
-5
Evaluate -1 + -11 + 4 + (3 - -5).
0
What is 10 - (5 - (-9 + 13))?
9
Calculate (-6 - -23) + (15 - 6) + -13.
13
Calculate -19 + ((11 - (19 - -11)) + 8 - -16).
-14
What is -30 - -25 - (-2 + -7)?
4
2 - 4 - (-9 + 11 - 4 - 4)
4
1 + 2 + -17 + 0 + 27 + -7
6
31 + 6 + -26 + (-17 - 11)
-17
What is -80 + 90 + (0 - -3) + -16?
-3
-4 + 18 - 6 - (-8 - (-4 - 0))
12
0 - -7 - (12 + -6 + -8 + 24)
-15
(20 - (-9 - -20) - (6 + -1)) + -23
-19
What is the value of 8 + (-2 - (2 + -6)) + -6?
4
What is the value of 0 + 3 + -5 + 11 - (560 - 534)?
-17
Calculate (0 - 8) + 3 + (-20 - -17).
-8
Evaluate (0 - -5 - (10 + -12) - -8) + 4.
19
What is -3 + (-6 - (5 - 9) - (-1 + 4))?
-8
What is the value of 3 - 15 - (3 - 13 - 26)?
24
12 - (17 - (9 - 8) - -32)
-36
Evaluate 46 + (-4 - 44) + 17.
15
What is the value of (-5 - (5 + -9)) + 9 + -11?
-3
What is -2 - -9 - (12 - (5 - -15))?
15
Calculate 14 + -24 - (7 + -21).
4
What is -1 - 0 - (-15 + (-11 - -35))?
-10
What is the value of -7 + 9 + -11 + -11 + 18?
-2
-7 + 3 - (-7 + -3 - 7) - -9
22
Calculate -7 - -4 - (-6 + 3 + 13).
-13
Evaluate 92 + -103 - (29 - (4 - -5)).
-31
What is the value of -2 + 12 + (0 + 5 - 11)?
4
What is the value of -20 + 36 + -19 - (-1 - 7)?
5
Evaluate (155 - 181) + 8 + 3 + -2 + 9.
-8
66 + -17 - 29 - 40
-20
What is the value of -23 + 1 + 2 + 0 + -27 + 33?
-14
What is (-17 - -4) + -6 - -31?
12
(39 + 3 - 45) + -22 + 0
-25
What is the value of (1 - -5) + -9 + 9?
6
Evaluate (-16 - 5) + -3 + (-59 - -69).
-14
What is the value of (2 - 5) + -12 + 13 + 3?
1
Calculate -19 + -21 + 28 - -26.
14
Evaluate -7 + (1 + 0 - (-19 - (4 + -21))).
-4
What is the value of -11 + (-1 - (7 + -11)) - -9?
1
What is (1 - (4 + 2)) + (97 - 90)?
2
Evaluate 6 + (2 - (11 + -9 - (0 + 4))).
10
What is (4 + 2 - (-7 + (-1 - -8))) + -2?
4
What is the value of 224 + -215 - ((-2 - -2) + 0)?
9
Calculate -8 + 1 + (-23 - (-12 + -16)).
-2
Calculate 9 + 4 + -11 + (-10 - -5).
-3
What is (-2 - 17) + (103 - 81)?
3
Calculate (1 - -4) + -196 + 179.
-12
What is the value of 37 + (2 - -5 - (89 + -68))?
23
(7 + -7 + 47 - (-7 + 16)) + -10
28
What is the value of (-13 - (8 + -5)) + (7 - -4)?
-5
Evaluate 12 - (184 + -195 - (-33 + -1)).
-11
What is the value of (-16 + 5 - -38) + -12?
15
8 - ((0 - -8) + -2 + 9)
-7
What is the value of 0 + 1 + (929 - 930)?
0
-21 - (3 + (7 - (-8 - -10) - 6))
-23
What is the value of (-11 + 3 - ((2 - -8) + -12)) + 7?
1
What is -3 - (12 + -1 - (22 - 23))?
-15
What is -11 + (20 - 2) - 15?
-8
-1 - -16 - (-18 - -29)
4
Calculate -32 - (7 + -4 + 0 + -79 + 69).
-25
What is the value of (6 - (4 - -2)) + -6 + 28?
22
(-240 - -229) + 5 + -21
-27
What is (18 - (23 + 23)) + 37?
9
What is the value of -7 + (-3 - ((0 - 5) + -19))?
14
(-250 - -211) + (0 - -28)
-11
Evaluate 1 + (2 - (-9 + 5)).
7
Evaluate 1 + (-28 - 16) + 6 + -2 + 3.
-36
-1 - (-29 + 2) - 31
-5
Evaluate -3 + 8 - (-14 - (-24 + 9)).
4
-2 + (-5 - (-5 + -2)) + -8
-8
Calculate -20 + 14 + 3 + -5 + 17 + 3.
12
Evaluate (-4 - -7) + -9 + 12.
6
What is ((7 - -3) + -1 - 3) + (-27 - -28)?
7
Evaluate 368 - 386 - (-35 - 0).
17
Calculate 0 - (-10 + 42 + -54).
22
What is the value of -4 + 0 + 6 + -37 + 37?
2
What is 0 + -24 + (28 - 10)?
-6
Evaluate -14 + 8 + 3 - (-2 - -21).
-22
(2 - -23) + 12 + (27 - 36)
28
Evaluate 0 + 6 + 60 + -72.
-6
Evaluate 137 + -143 - (0 - ((-2 - -2) + 2)).
-4
Evaluate -37 + (-13 + -13 - -35).
-28
Evaluate 31 - ((2 - -18) + 4).
7
What is (-26 - (5 + -6)) + (2 - -4)?
-19
What is 0 + 17 - 8 - 25?
-16
Calculate -10 - (-1 + -46 + -3 - (-52 + 42)).
30
What is the value of -4 + 0 + 7 + -4 + -2 - 0?
-3
3 - (-2 - -2) - 8
-5
Evaluate 6 + (-10 - -5) + 7 + -20.
-12
Calculate -13 - (-34 + 26 + -30).
25
What is 4 + (3 - (4 - -3) - (-5 - -9))?
-4
What is (-15 - (5 - 9)) + 11?
0
Evaluate 10 - (-5 - (-17 + 18 + -8)).
8
Evaluate -1 - ((5 - 10) + -8).
12
Calculate 0 - -17 - (-120 - -122).
15
Evaluate 8 + (7 - (-8 + 9)) + -4.
10
What is (1 - 7 - 7) + (36 - 22)?
1
Calculate (11 - 6) + (23 + -14 - (1 + 24)).
-11
-8 - (-13 - (-11 + 6))
0
Evaluate (105 - 102) + (2 - (1 - 2)) - -1.
7
Calculate 95 + -101 - (-1 - 1 - -6 - 1).
-9
What is the value of (-32 + 4 - -10 - -11) + 2?
-5
Calculate 1 - 9 - (-40 + 20 - -12).
0
What is the value of (-6 + 1 - -10 - 9) + -8 + 8?
-4
Evaluate (-3 - (13 - 10)) + (4 - -7) + 8.
13
What is the value of -1 + -30 + -4 - -16?
-19
Calculate (-5 - (-10 + 4 + 4)) + 16.
13
Calculate -17 - (25 + 40 + -59).
-23
Calculate -2 - (-6 - (4 + -8 + -8)).
-8
Calculate 71 - (67 - 6 - 23).
33
What is the value of -43 + 34 + 9 - 34?
-34
1 - (6 - (3 + -1 + (137 - 116)))
18
What is the value of (2 - 7) + (14 - 18) + -3 + 5?
-7
What is the value of 37 - (8 + -27 - -41)?
15
What is the value of -17 - (-39 - (25 + -33))?
14
What is (-3 - ((7 - 1) + 2)) + 7?
-4
0 - ((-4 + 5 - (-1 - 0)) + 7)
-9
What is 45 + -35 - (-1 + 7)?
4
Evaluate 390 + -398 + (3 - (3 + -3)).
-5
What is 0 + 2 + -4 + 63 + -42 - 4?
15
What is the value of 4 + 4 + 8 + -6 + -6 + -12?
-8
Evaluate (3 + (10 - 17) - (-1 - -8)) + 21.
10
Calculate 31 + (15 - 29 - (-29 + 13)).
33
Evaluate (14 - (12 - -9)) + -2 + (0 - 0).
-9
Calculate (-70 - -85) + (4 - 18).
1
-5 + (2 + (7 - 9) - 9 - -1)
-13
Calculate (-34 + 36 - 13) + 0 + 28.
17
What is the value of 1 + 4 - (7 - 0)?
-2
What is the value of -248 - -251 - (0 - 1)?
4
-16 + 1 - (-12 - -16) - (-22 + 17)
-14
Evaluate -23 + -1 + (-45 - (-72 + 12)).
-9
What is the value of -8 - ((-3 - -2) + 3 - 0)?
-10
What is (1 - 1) + (-7 - (-10 + (6 - 6)))?
3
What is the value of 48 + (-22 - -9) + -17?
18
What is the value of 34 + -15 - 62 - -19 - 4?
-28
Calculate 11 + 9 + -5 + -15.
0
Evaluate 0 + 16 - (-1314 - -1310).
20
Calculate (21 + -9 + 6 - 10) + -22.
-14
Evaluate -4 + 2 + (0 - (-2 - -2)).
-2
Evaluate 4 + (4 - 5 - (-2 - 4)).
9
38 + -25 - (3 + 3)
7
Calculate -13 - (135 + -145 + (11 - (-2 - 0))).
-16
Calculate -2 + (1 + -2 + 4 - 5).
-4
What is the value of -10 - -14 - -32 - 13?
23
Evaluate (-33 - (-30 - -14)) + 14.
-3
What is the value of (10 + 9 - (-2 - (-3 + 1))) + 0?
19
(-3 - 0) + -202 + 198 - -24
17
(0 + -2 - -3) + -4 + -19 + 12
-10
What is the value of (3 - (0 - -10)) + 7?
0
Evaluate -6 + -1 + (22 - -9) - 7.
17
Calculate -42 + 40 - (32 + -8).
-26
Evaluate -6 + 4 - 21 - (20 + -20).
-23
What is 30 + -13 + (2 + -10 - -8)?
17
(-2 - 5) + (-44 - -47) + -2
-6
Calculate -8 - -2 - -7 - 8 - -15.
8
-7 + (-5 + 6 - -4) + -5 - 3
-10
What is 21 - (-11 + 43) - (11 - 3)?
-19
Evaluate -5 - ((16 - 19) + 2).
-4
What is -5 + 0 - -13 - 2?
6
What is -21 - -31 - (1 - 3)?
12
Calculate (-19 - (31 - 21)) + 15.
-14
Calculate -5 - ((2 - (8 + 15)) + 4).
12
Evaluate (-3 - 0) + 31 + -31 + 10.
7
-154 + 152 + 2 + -1 + 0 + 0
-1
What is (-4 - (-4 - -2)) + -5 - (40 + -35)?
-12
What is the value of -18 + (-22 - (-11 + -11))?
-18
What is the value of (-25 - (-5 + -5)) + 29 - 16?
-2
Evaluate (-3 - -1) + 0 + 2 + 1.
1
Evaluate -4 + 7 + (36 - 36 - (0 + -3)).
6
Evaluate (-7 + 5 - 16) + -2 - -7.
-13
Calculate -10 - (25 - 59 - (3 + -13)).
14
What is 11 + -8 - (8 + -7)?
2
What is the value of (-9 - ((-18 - -26) + -5)) + 17?
5
Evaluate -4 + -22 + 14 + (1 - -5) + -8.
-14
Calculate -7 + (13 + -17 - (-2 + 2 + -10)).
-1
Calculate 1 + 2 - (12 + 3 - (-20 - -6)).
-26
What is -2 - (0 - (-6 + -6 + (5 - 0)))?
-9
What is the value of 6 + -9 + -9 + 13?
1
What is the value of -13 + 5 + 3 + (16 - 0)?
11
-2 + 0 + -4 + (-8 - -14 - -2)
2
Evaluate -170 + 83 + 86 - (0 - -8).
-9
Evaluate -5 - (9 - (4 + -1 + -14 + 12)).
-13
8 + (2 - 3) + -4 - 10
-7
(26 - 18) + (-1 - 21) + 5
-9
What is -3 + (8 - -3) - (-72 - -78)?
2
What is the value of -26 - (7 - 17) - -4?
-12
What is -36 - -27 - -12 - -29?
32
What is the value of 167 + -156 + 27 + 0 - (5 - -2)?
31
What is (-7 - -13) + (2 + 0 + -5 - -8)?
11
Evaluate 6 - ((8 + -13 - -13) + -11 - -8).
1
1 + -3 + -655 + 679
22
Evaluate (-1 - 2) + 2 + 80 + -76.
3
What is (-8 - -1) + -8 - (-107 + 61)?
31
Evaluate -7 + -1 - ((32 - 62) + 35).
-13
What is the value of -7 + 21 - (14 + -11 + 5 + -4)